et c be (-1)/5 - 51/(-5). Let d = 3 + c. What is the tens digit of d?
1
Suppose 9 = y + 2*y. Suppose 5*a - y*n = 40, 9*n - 4*n = 0. What is the units digit of a?
8
Let d(f) = -f**3 + 5*f**2 + 5*f + 6. Let p be d(6). Let q = 14 - 12. What is the units digit of q + p - 0 - -2?
4
Suppose 0 = 3*b + 2*j - 140, j + 3*j + 20 = 0. What is the tens digit of b?
5
Suppose -28 = -2*a - 4. What is the units digit of a?
2
Let g = 155 - 36. What is the tens digit of g?
1
Let s = -5 - -5. Let p(i) = i**3 - i + 6. What is the units digit of p(s)?
6
Let j be (-1 - 0)*-40 + 0. Let c = j - 27. What is the units digit of c?
3
Let o(a) = -11*a + 4. Let u(h) = -5*h + 2. Let z(r) = -6*o(r) + 13*u(r). Let v be z(-4). What is the units digit of 0 + (v + 1)*-3?
3
Suppose -11 = -3*c + 7. Let a = 15 - c. What is the units digit of a?
9
Let q = 11 + 32. What is the units digit of q?
3
Suppose 4*t = -t + 4*s - 5, 4*s = 2*t + 14. Suppose 0 = 2*q + 3*q - t*n - 24, -2*q + 6 = -3*n. What is the units digit of q?
6
Let h(o) = o**2 - 5*o - 11. Let s be h(7). Suppose s*x - 7 = 2, -2*x + 53 = u. What is the units digit of u?
7
Let y = 11 - -11. What is the units digit of y?
2
Let g(j) = -1 + j**2 + 0*j**2 - 2 - 4*j. Let b be g(6). Suppose 5*t + b = -4*k + 32, -t + 3*k - 3 = 0. What is the units digit of t?
3
Let v(j) = j**2 + 3*j - 2. Let g be 6 - (-3)/(6/(-4)). Let s(f) = -f. Let k be s(g). What is the units digit of v(k)?
2
Let g(h) = -6*h + 4. Let d(o) = -3*o + 3. Let b be d(2). What is the units digit of g(b)?
2
What is the units digit of (8/(-6))/((-4)/174)?
8
Let v = -80 + 109. What is the tens digit of v?
2
Let k(y) = 169*y**2 + y. What is the units digit of k(-1)?
8
Let w = -15 + 36. What is the tens digit of w?
2
Suppose 4*p = 3*p + 149. What is the tens digit of p?
4
Let l be (-4 - -2)/((-4)/10). Suppose 0 = -c - 0*c + 4*g + 18, -4*c + 32 = 4*g. Suppose l*q = -0 + c. What is the units digit of q?
2
Suppose 133 + 27 = 8*h. What is the units digit of h?
0
Let u(b) = -3*b - 1. Let g be u(-2). Suppose -g*p = -6 - 4. Suppose -3*l = p*l + 3*c - 37, 5*l - 4*c - 9 = 0. What is the units digit of l?
5
Suppose u - 3*m - 70 = 0, 4*u - m - 2*m - 262 = 0. What is the tens digit of u?
6
Suppose 81 = 5*v - 94. What is the units digit of v?
5
Let b be 3 - (52 + -1)/(-3). Suppose 3*f - 5*x = -10, -f - 2*x - x + b = 0. What is the units digit of f?
5
Let c be (-2)/(-2 + 0 + 4). Let a be (-618)/(-9) - c/3. What is the units digit of (-2)/8 - a/(-4)?
7
Suppose -c - 3*y + y + 8 = 0, -2*c + 4*y = 8. Let q be ((-1)/c)/((-2)/8). Suppose q*p + x = 4*x + 7, 29 = 4*p - x. What is the units digit of p?
8
Suppose -5 = 4*u - 17. What is the units digit of u?
3
Let n be 45/(-30) + (-35)/(-2). What is the units digit of (3 - 1)*n - -1?
3
Let h be (1 + -4)/(0 - 1). Suppose -2*o + 26 = y + h*y, -y = -3. What is the units digit of o?
7
Let m = 3 - 1. Let o(v) = v**3 - 4*v**m - 8 - v**3 + v**3 - 9*v + 10*v**2. What is the units digit of o(-7)?
6
Let a be (-5)/(-2*(-2)/(-16)). Let y = a - -5. What is the tens digit of y?
2
Let j(y) = -y**2. Let s(a) = -2*a**2 - 1. Let p(w) = -6*j(w) + s(w). Suppose -4*x = -0*x - 4. What is the units digit of p(x)?
3
Let x(c) = -c**3 + 6*c**2 - 2*c + 14. Let o be x(6). Suppose -o*b + 0*b + 3*n + 5 = 0, 0 = -n + 5. What is the units digit of b?
0
Let a be (-1 - 0) + 3 + 9. Let c be (-2)/a - 371/77. Let j(b) = b + 7. What is the units digit of j(c)?
2
Let l(z) = -z**3 - 8*z**2 - 8*z - 7. Let p be l(-7). Suppose -x + p*x = -14. What is the units digit of x?
4
Suppose 3*a - 208 - 5 = 0. What is the tens digit of a?
7
Let m(n) = -n - 4. Let l be m(-6). What is the units digit of 1/((-50)/(-24) - l)?
2
Let v(z) = -12*z + 2. Suppose -4*j = -2*i + 20, -i = -1 - 3. Let m be v(j). Suppose 0 = 2*w - 0*f + 2*f - 18, 4*w = -2*f + m. What is the units digit of w?
0
Suppose -j + 16 = 1. What is the tens digit of j?
1
Let d = 8 + -17. Let p be (-12)/d*(2 + 7). Suppose 0 = -h - 2*h + 2*i + p, -4*h + 16 = -i. What is the units digit of h?
4
Let t(h) = h + 4. Let b be t(-4). Let v be -8*((-3)/(-3) - b). Let d = -3 - v. What is the units digit of d?
5
Let v be (-8)/(-3)*6/4. Suppose t = v*t - 21. Suppose t = 3*q - 5. What is the units digit of q?
4
Let l(x) = -2*x - 9. Let a be l(-7). Suppose -42 = -a*n + 113. What is the units digit of n?
1
Let s = -80 - -149. What is the units digit of s?
9
Let d = 8 + -6. What is the units digit of d?
2
Let u(t) be the second derivative of t**5/20 + t**4/6 - t**3/2 - 2*t**2 + 4*t. Let q be u(-3). Let j = 4 - q. What is the units digit of j?
8
What is the units digit of (201/6 + 0)/((-1)/(-2))?
7
Suppose -a - 2*o + 6 = 3*a, -a - 3*o = -14. What is the tens digit of 1/(-2)*30*a?
1
Let c(t) = -t**2 - 15*t + 5. What is the units digit of c(-14)?
9
Suppose 0 = 4*g - 12, -3*g = 2*b - 24 + 7. Let z = b - 13. Let x = z - -21. What is the units digit of x?
2
Let s(j) = 2*j + 1. Let f(t) = t. Let a(w) = -3*f(w) + s(w). Let q be a(-4). Suppose o = q + 2. What is the units digit of o?
7
What is the hundreds digit of 23*9 + -9*1/3?
2
Suppose t = -4*o + 62, 4*t - 4*o = -6*o + 290. What is the tens digit of t?
7
Let g be (-2)/8 - (-20)/16. Let u(a) = -g - 3 - 3*a + 3*a + 4*a + 2*a**2. What is the units digit of u(-4)?
2
Let a = 172 - 162. What is the units digit of a?
0
Suppose 2*m = 5*u - 980, 5*m + 199 = u + 4*m. What is the tens digit of u?
9
Suppose 2*r - 307 = -i, -5*i + 3*r + 1416 + 54 = 0. What is the hundreds digit of i?
2
Let l be 4/(-6) + 64/6. Let c be -6 + 2*(1 + 0). Let n = c + l. What is the units digit of n?
6
Suppose 92 = 3*f + 4*l, -f - f - 5*l + 52 = 0. What is the units digit of f?
6
Let t(m) = m - 1. Let r be t(3). Suppose 2 - 3 = -3*q - 2*x, 3*q + 3*x = -3. Suppose -j = -q*s - r*j + 4, -j = s. What is the units digit of s?
2
Suppose -3*f - 2*o = -4*f + 1, -2*o = 3*f + 29. Let a(g) = g**3 + 7*g**2 - 4*g + 5. What is the tens digit of a(f)?
3
Suppose 0*w - 56 = -4*w. Let f be (-3)/(w/(-4) - -2). Suppose 0 = 3*r + 15, 20 = -n + 6*n + f*r. What is the units digit of n?
6
Suppose -j = -0*j - 4. Suppose -j*r - 18 = -2. Let i(l) = 2*l**2 + 5*l + 1. What is the units digit of i(r)?
3
Let k = -4 - -6. Suppose -3*j - 4 = -2*j, 0 = k*w + 5*j - 16. What is the units digit of w?
8
Let a be (-4)/15*-3*5. Let c = 6 + a. What is the units digit of c?
0
Suppose -4*r + 1234 + 6 = 0. What is the tens digit of r?
1
Let m(k) = 7*k - 2. Suppose -5*q + 41 = -4*l, 0 = q + 4*l - 5*l - 9. What is the tens digit of m(q)?
3
What is the units digit of ((-2)/(-3))/((-5944)/1488 + 4)?
4
Suppose 0*r = 2*r - 4. What is the units digit of r?
2
Let q(k) = -k - 13. Let g be q(-11). Let j(z) = -3*z**3 + z + 2. What is the units digit of j(g)?
4
Let i(m) = -m**3 + m - 123. Let v be i(0). What is the units digit of v/(-12) - 1/4?
0
Suppose -2*n + n = -4. What is the tens digit of 118/n - 3/(-2)?
3
Suppose 8*y = y - 77. Let v = 19 + y. What is the units digit of v?
8
Let r(v) = 49*v**3 + 1. What is the tens digit of r(1)?
5
Suppose y - 74 = -n - 2*n, 0 = y + 2*n - 77. What is the tens digit of y?
8
Suppose -s + j + 6 = 6*j, -j = s - 6. Let m(t) = -6 - 2*t + s*t + 0. What is the units digit of m(4)?
0
Let w be ((-72)/(-30))/((-4)/(-10)). Suppose 0 = 3*y - 3*s, 3*y + w = 2*s + 3*s. What is the units digit of y?
3
Suppose 6*c = 3*c + 72. What is the units digit of c?
4
What is the hundreds digit of ((128/20)/(-2))/((-4)/250)?
2
Let y(f) = 8*f - 42. Let h(i) = 3*i - 14. Let c(w) = -17*h(w) + 6*y(w). What is the units digit of c(-6)?
4
Let r(h) = -6*h**3 + h**2 - 4*h + 9. What is the tens digit of r(-3)?
9
Let k = -3 + 2. Let w be (-2 + -3)/(k/(-1)). What is the units digit of (w/(-2))/(1/2)?
5
Let a(f) = -f. Let d be a(-8). Let p = 20 - d. What is the units digit of p?
2
Let o(y) = y**2 - 4*y + 11. What is the units digit of o(7)?
2
Suppose 0 = -x + 1 + 8. Let s = x + 24. What is the units digit of s?
3
Let u(n) = 24*n**2 + n + 1. Let q = -2 + 1. What is the tens digit of u(q)?
2
Let k(r) = r - 4. Let p be k(8). Let o be ((-2)/p)/((-1)/(-30)). What is the tens digit of (o + 5)*(0 - 1)?
1
Let g = -20 - -45. Suppose -g = -4*c + 3*j, -2*c + j - 1 = -3*c. What is the units digit of c?
4
Let s(r) = -16 - r + 1 - 4*r. What is the units digit of s(-6)?
5
Suppose 2*h + 49 - 307 = 0. What is the hund